lse
Is 13030669 a composite number?
True
Is 88080151 a composite number?
True
Is 34466249 a prime number?
True
Is 35414517 composite?
True
Is 853817 composite?
True
Is 153624297 a prime number?
False
Is 32978669 prime?
True
Is 2723255 a composite number?
True
Is 3321581 a prime number?
False
Is 19746739 a prime number?
False
Is 9389183 composite?
False
Is 3107207 prime?
False
Is 19868645 a prime number?
False
Is 826849 a prime number?
True
Is 135814177 a prime number?
True
Is 12399851 composite?
True
Is 2166917 a composite number?
False
Is 118755691 a composite number?
True
Is 20858573 prime?
False
Is 24923537 a prime number?
True
Is 17659849 composite?
False
Is 9038347 a composite number?
False
Is 5150671 a composite number?
False
Is 185447 a composite number?
True
Is 511187 a composite number?
True
Is 25127185 prime?
False
Is 13042951 a prime number?
False
Is 4585411 prime?
True
Is 5412851 a composite number?
True
Is 315864803 composite?
False
Is 263213233 a composite number?
True
Is 59441 a composite number?
False
Is 12993571 a composite number?
False
Is 35438471 a composite number?
False
Is 14499057 prime?
False
Is 1748563 a composite number?
False
Is 3468385 a prime number?
False
Is 736713743 composite?
False
Is 97424687 a prime number?
True
Is 30123593 prime?
True
Is 140608763 a prime number?
False
Is 145187771 a prime number?
True
Is 1564217 prime?
False
Is 19986647 a composite number?
False
Is 1937321 a prime number?
False
Is 220461953 prime?
True
Is 13016109 a prime number?
False
Is 3779369 a composite number?
True
Is 34285879 a prime number?
False
Is 12463751 composite?
True
Is 27373187 a composite number?
True
Is 1552727 a composite number?
True
Is 825254267 composite?
True
Is 99403357 prime?
False
Is 1732147 a composite number?
True
Is 10101277 prime?
True
Is 9126111 prime?
False
Is 645153 a prime number?
False
Is 449399 composite?
False
Is 19243651 a prime number?
False
Is 158617 a prime number?
True
Is 60281 a prime number?
False
Is 131461549 composite?
False
Is 186585569 composite?
False
Is 234324003 a composite number?
True
Is 197197321 a prime number?
False
Is 83130383 prime?
False
Is 736301 composite?
True
Is 83398531 a composite number?
False
Is 100463929 a composite number?
True
Is 56477341 composite?
False
Is 124066079 prime?
True
Is 3595727 composite?
False
Is 31219 prime?
True
Is 8298071 prime?
True
Is 4515743 composite?
True
Is 21277805 prime?
False
Is 9485779 composite?
True
Is 112802083 prime?
False
Is 296447 a prime number?
False
Is 1691429 a prime number?
True
Is 49464841 prime?
True
Is 4993043 prime?
False
Is 14174861 a composite number?
False
Is 90218201 composite?
True
Is 65536161 a composite number?
True
Is 7976747 composite?
True
Is 24082493 a prime number?
True
Is 1721843 a prime number?
False
Is 2161693 prime?
False
Is 4129863 a composite number?
True
Is 3169811 a composite number?
False
Is 6190033 prime?
True
Is 79795477 a prime number?
True
Is 607301 prime?
True
Is 16144159 a composite number?
False
Is 2551169 prime?
True
Is 2587658 prime?
False
Is 584897 a composite number?
False
Is 29781233 prime?
True
Is 1422257 prime?
True
Is 118513453 a prime number?
True
Is 386079011 a composite number?
True
Is 613097 a composite number?
False
Is 1087129 composite?
False
Is 59938573 a prime number?
False
Is 14405959 a prime number?
False
Is 238374131 composite?
False
Is 54857 a composite number?
True
Is 83645317 prime?
False
Is 26996287 prime?
False
Is 418007 prime?
True
Is 9396701 prime?
True
Is 4440493 a prime number?
False
Is 208876691 a prime number?
False
Is 44535833 composite?
False
Is 615539 composite?
False
Is 617101993 a composite number?
False
Is 1185114871 a composite number?
False
Is 58716239 composite?
False
Is 38833193 a composite number?
True
Is 18019073 prime?
True
Is 1028981 a composite number?
False
Is 2624662 composite?
True
Is 22196479 prime?
True
Is 5382841 a prime number?
True
Is 29601697 a prime number?
True
Is 6127699 a composite number?
True
Is 45621421 a prime number?
False
Is 31389731 composite?
True
Is 10230989 prime?
True
Is 167237827 composite?
False
Is 3013921 a prime number?
False
Is 29113127 a composite number?
False
Is 61098173 a composite number?
False
Is 66742563 a prime number?
False
Is 1526893 a prime number?
False
Is 49531099 prime?
False
Is 1392667 a prime number?
False
Is 6734953 a prime number?
False
Is 42899453 a composite number?
False
Is 385843121 a prime number?
True
Is 8477999 composite?
False
Is 7931051 prime?
False
Is 31295839 composite?
False
Is 2596457 composite?
True
Is 34899817 prime?
False
Is 5685649 a composite number?
False
Is 6113273 a composite number?
False
Is 3026579 a prime number?
False
Is 233989093 a prime number?
False
Is 23170597 composite?
False
Is 79474991 a prime number?
False
Is 88488859 composite?
True
Is 12244426 prime?
False
Is 2466203 a prime number?
False
Is 6378322 composite?
True
Is 31074965 a prime number?
False
Is 104066983 prime?
True
Is 116670173 prime?
True
Is 74178791 composite?
False
Is 1546297 a composite number?
False
Is 300299 prime?
True
Is 10712155 composite?
True
Is 120228019 a composite number?
False
Is 167323667 a prime number?
False
Is 968207257 a prime number?
True
Is 50717915 composite?
True
Is 55912693 composite?
True
Is 885653887 prime?
True
Is 1788382 a composite number?
True
Is 79600211 prime?
True
Is 24869731 a composite number?
False
Is 37016779 prime?
True
Is 645299 composite?
True
Is 22006409 a composite number?
False
Is 30038797 a composite number?
False
Is 25950293 a prime number?
False
Is 7226159 composite?
False
Is 481347329 a composite number?
False
Is 4841659 prime?
False
Is 20590177 prime?
True
Is 427033393 a prime number?
True
Is 906935 a composite number?
True
Is 4467857 a composite number?
False
Is 4807211 a composite number?
True
Is 421437581 composite?
True
Is 3732023 a composite number?
True
Is 20289218 composite?
True
Is 6450601 composite?
True
Is 25961743 a composite number?
False
Is 41288921 a prime number?
False
Is 175352137 a prime number?
False
Is 32490119 a composite number?
False
Is 9099161 prime?
True
Is 5057267 prime?
False
Is 72190113 a composite number?
True
Is 102491 a composite number?
True
Is 19100737 a prime number?
True
Is 106630787 a prime number?
True
Is 575119 composite?
False
Is 5894347 composite?
False
Is 105288103 composite?
False
Is 916921 composite?
True
Is 2239123 prime?
True
Is 14602559 composite?
True
Is 1307261 a composite number?
False
Is 27006521 composite?
True
Is 51733643 a prime number?
False
Is 1445033 a composite number?
False
Is 5374613 prime?
False
Is 5957411 prime?
True
Is 1206401 composite?
True
Is 64633693 a prime number?
True
Is 184409 composite?
False
Is 2189299 composite?
True
Is 2827159 composite?
False
Is 6480529 composite?
True
Is 414043519 prime?
True
Is 57016643 a prime number?
True
Is 32148041 a composite number?
False
Is 21652931 a composite number?
False
Is 12478039 composite?
True
Is 55434371 composite?
True
Is 9660727 a composite number?
False
Is 834893 prime?
True
Is 46143677 a composite number?
True
Is 45615391 a prime number?
True
Is 7704569 prime?
False
Is 128901437 prime?
False
Is 1264129 composite?
False
Is 31352693 prime?
True
Is 1395627 a prime number?
False
Is 130513 a prime number?
True
Is 40039787 a prime number?
True
Is 1135 composite?
True
Is 2952553 a prime number?
True
Is 6142799 a prime number?
False
Is 778301 composite?
False
Is 112011059 a composite number?
False
Is 298817 composite?
False
Is 283234411 composite?
True
Is 19193159 a prime number?
False
Is 5493599 prime?
False
Is 9092873 a prime number?
True
Is 17949989 prime?
False
Is 33262639 composite?
False
Is 212274191 prime?
False
Is 349777811 prime?
True
Is 57088571 a prime number?
False
Is 196130279 prime?
False
Is 3710647 a prime number?
True
Is 49528133 prime?
True
Is 10067973 a prime number?
False
Is 21014729 prime?
False
Is 5836583 a composite number?
False
Is 198395221 a composite number?
True
Is 3020989 a prime number?
True
Is 174559691 a composite number?
False
Is 32311589 a prime number?
True
Is 939901 prime?
True
Is 4109669 a prime number?
True
Is 40829929 prime?
False
Is 2247659087 a prime number?
True
Is 842551 prime?
True
Is 196086851 a prime number?
False
Is 18